 = 31 + -24. Suppose -l*i = -6*i - 2. Suppose -64 = -5*f - i*a, 5*a - 1 - 57 = -4*f. Calculate the greatest common divisor of 8 and f.
4
Suppose 0 = -92*j + 15*j + 493801. Calculate the highest common factor of j and 121.
121
Let l be 44/12*48/352*572. What is the greatest common factor of 234 and l?
26
Suppose -40*s + 150275 + 95245 = 53*s. Calculate the highest common divisor of s and 640.
80
Let g = 458 + -217. What is the greatest common divisor of g and 1?
1
Let z be (5/((-5)/(-84)))/((-10)/(-1500)*6). What is the greatest common factor of z and 210?
210
Let w = 688 + -670. Let m be (-106)/(-22) + (-4)/(-22). Suppose b - m*b = -8. Calculate the greatest common factor of b and w.
2
Let v = -1185 + 453. Let a = v + 762. Calculate the greatest common factor of a and 160.
10
Let p(u) = 7*u**2 - 170*u + 64. Let r be p(28). Calculate the greatest common factor of 594 and r.
198
Let v be (-231)/9*(35 - 38). What is the greatest common factor of v and 2013?
11
Suppose 3*r = 30 + 3. Let j be -5*(-5 - -6) + 5. Suppose -3*x + j = 4*h - 4, 3*x - 2 = -2*h. What is the greatest common factor of r and h?
1
Let q be 666078/70 + 5/(25/3). Calculate the greatest common divisor of 156 and q.
156
Let g = 109 + -83. Suppose 8 - 80 = -4*m. Suppose 0 = m*h - 548 + 80. What is the greatest common divisor of g and h?
26
Let o be (4567/7 - -2) + (-23 - (-4125)/175). What is the highest common divisor of 190 and o?
5
Let w = 30 + -29. Let k be w*1/(-8) + 5654/176. Calculate the greatest common factor of 112 and k.
16
Let s(l) = 9*l + 15. Let a = 49 + -57. Let m be ((-14)/a - -2)*4. Let t be s(m). What is the highest common divisor of t and 60?
30
Suppose 5*k - 273 = 2*k. Suppose 80*q + 83*q = 19*q + 1008. Calculate the highest common factor of k and q.
7
Let i(d) = -d**3 + 19*d**2 - 8*d - 5. Let w be i(18). Suppose -19*j + 59 = -74. Calculate the highest common factor of w and j.
7
Let j be 13/(286/33) + (-1)/(-2). Suppose -j*c = 4*q - 120, 4*c - 5*q = -83 + 349. What is the greatest common divisor of c and 192?
64
Suppose 569 = 17*i - 519. What is the highest common factor of 1984 and i?
64
Let j be ((-816)/(-119))/((-6)/(-63)). What is the greatest common factor of 564 and j?
12
Let q(v) = 2*v + 24. Let w be q(-10). Let n be w/(-22) + (-399)/(-77). Suppose -n*l - 7*l + 144 = 0. Calculate the highest common divisor of 36 and l.
12
Let k(d) = 5*d - 90. Let j be k(21). Let v be 13 + -12 + j + 0. What is the highest common factor of v and 128?
16
Let f be 1*(1 - -7)*(-2)/(-4). Suppose 0 = -9*w + f*w - 10. Let p be (-1 - w)*(-2 + 23). Calculate the highest common factor of p and 105.
21
Suppose 18 = 5*r - 2*r - 3*l, 4*r - 24 = 5*l. Let k = 23 + -19. Suppose 101 = k*z + 5*w, r*z - z - 80 = 3*w. Calculate the highest common factor of 133 and z.
19
Suppose 2*u - 99 = -75. Let v be (-1244)/(-16) - ((-63)/u + 5). Calculate the highest common divisor of 208 and v.
26
Let c = -27 - -46. Let y(d) = d. Let j be y(8). Let z(m) = 3*m**2 - 4*m - 8. Let v be z(j). Calculate the highest common divisor of v and c.
19
Suppose -1551 = -106*w - 279. What is the highest common divisor of 17616 and w?
12
Suppose -h - 17 = -3*y - 2*y, 0 = h - 2*y + 5. Let q(f) = -254*f - 4013. Let j be q(-16). Calculate the greatest common factor of j and h.
3
Suppose -4 = -4*h + 2*t, 0*t - t = 4. Let c be 3 - (4/2)/(h/10). Suppose -4*i + 231 = c. Calculate the greatest common divisor of i and 13.
13
Let t = 58 + -34. Suppose 3*c - t*c = -1197. Calculate the highest common factor of c and 95.
19
Let w = -102 - -302. Let k be (60/90)/((-1)/(-12)). Calculate the highest common factor of w and k.
8
Suppose -822*w = -827*w + 770. What is the greatest common divisor of 1134 and w?
14
Suppose -105*b = -113*b + 1952. Calculate the greatest common factor of b and 3050.
122
Let p(k) = -k**2 - 15*k - 6. Let z be p(-9). Let x be 2544/32*4/(-3). Let w = -98 - x. What is the highest common divisor of w and z?
8
Let p be 2/4 + (-14)/(-28) + 2. Suppose -p*x = -x - 8. Suppose 5*k - 17 = 3*c, 0 = -7*c + 3*c + x. Calculate the greatest common divisor of k and 2.
2
Let y = -24084 - -24630. Calculate the greatest common factor of y and 186.
6
Let r = 750 + -731. Suppose -5 = -a, -3*f = -4*a - r - 39. Calculate the highest common factor of 702 and f.
26
Let z be (-3)/(3 + 1230/(-409)). Let f = 659 - z. What is the greatest common divisor of 50 and f?
50
Suppose -38474 + 11974 = -4*g - 102*g. Calculate the greatest common divisor of 40 and g.
10
Let h = -3074 - -3944. Calculate the greatest common divisor of 60 and h.
30
Let r = -337581 + 337646. Suppose 2*p + 4*n = -n + 95, 2*p - 4*n = 50. Calculate the greatest common factor of p and r.
5
Let g be 3/(-7)*-18*14/3. Let t = g - 33. Let d be (-3 - -1) + 19 + (t - 4). What is the greatest common divisor of d and 8?
8
Let d be (-327)/27*-6*-27*(-2)/12. Calculate the highest common divisor of 4687 and d.
109
Let g be 9879/(-178)*(-32)/6. Suppose -13*d + g = 218. Calculate the highest common divisor of 15 and d.
3
Let m = 10142 - 6217. Calculate the highest common divisor of 75 and m.
25
Suppose 0 = -8*y + 1 + 15. Suppose 5*j + 18 = y*f + 5, -3*j + 5 = 2*f. What is the greatest common factor of f and 11?
1
Let a(v) = 4*v**3 - 17*v**2 + 6*v - 5. Let k be a(4). Suppose 5*z = r + k*z - 347, -r + 332 = -5*z. What is the greatest common divisor of r and 42?
21
Let m be -42*((-469)/14 + 6 + -3). Calculate the highest common divisor of 732 and m.
183
Suppose 5*z - z - 412 = -4*t, -4*t = -3*z - 433. Suppose -25*h + t + 19 = 0. What is the greatest common divisor of h and 55?
5
Let q = 19 + -16. Suppose q*w + 2*y = 716, 3*w + 6*y = 2*y + 706. What is the greatest common factor of w and 22?
22
Let w(p) = -133*p**3 - 5 + 8 + 134*p**3 - 3*p**2 + 3*p. Let r be w(2). Suppose -4*n = r*n - 72. What is the highest common divisor of n and 136?
8
Suppose -9220*j - 29584 = -9228*j. What is the greatest common factor of 258 and j?
86
Suppose 2*w + 0*x - 1628 = 2*x, -2*w = 4*x - 1604. Suppose 35*a = 14*a + 630. What is the greatest common divisor of a and w?
30
Let b = -3389 - -3419. Suppose -o = -61 - 209. Calculate the greatest common factor of o and b.
30
Suppose -17*z = -5*z + 12*z. Suppose 0 = -2*u - g + 18, -u - 3*g + z*g = -9. Calculate the greatest common divisor of u and 2.
1
Suppose -5*w + 70 = -5*q, 5*q - 20 = -6*w + 2*w. Let c = 225 + -155. Calculate the highest common factor of w and c.
10
Let h be ((-3)/9)/(5/(-330)). Let l(a) = a**3 + 3*a**2 - 3*a + 6. Let c be l(-4). Let y be (-35)/4*-4 - c. Calculate the greatest common factor of h and y.
11
Let y(p) = -p**3 + 6*p**2 - p**2 - 6*p**2. Let h be y(-2). Let i = -1411 + 1423. Calculate the highest common factor of i and h.
4
Let w(b) = 6*b**2 - 13*b - 779. Let p be w(27). What is the greatest common divisor of p and 8?
4
Let a = -3093 - -4077. Calculate the greatest common divisor of 432 and a.
24
Let g be (16/(-12))/((-84)/82593). Calculate the greatest common divisor of 207 and g.
69
Let s(n) = -n**3 + 13*n**2 - 12*n + 25. Let d be s(11). Let a be (d/(-18))/((-12)/160). What is the highest common factor of a and 150?
50
Let y(m) = 16*m - 7. Let x be y(0). Let g be (-30)/(-4) + x/(-14). Let c be (-2)/8 + (-18)/(-8). Calculate the highest common factor of g and c.
2
Suppose 0 = -1950*s + 1936*s + 3696. What is the highest common factor of s and 284?
4
Suppose -s + 330 = 2*s. Suppose 73 = -3*b - s. Let z = 64 + b. Calculate the greatest common divisor of 15 and z.
3
Suppose -15 = 3*m, -2*a + m = -6*a + 107. Let x be (3 + -4)/((-16)/5 + 3). Let w be 5/x*(-1 + 3 + 5). Calculate the greatest common factor of a and w.
7
Let d = -4853 - -5109. Calculate the greatest common factor of d and 16.
16
Let n(z) = z**3 + 96*z - 605. Let u be n(6). Let q be 7 + (-2 + 0 - -6). Calculate the highest common divisor of q and u.
11
Suppose 2*i = 3*d + 13, 3*i + d + 2 - 16 = 0. Suppose -i = m, 2*f + m = 2*m + 117. What is the greatest common divisor of 24 and f?
8
Let c(i) = -5*i**3 - 18*i**2 + 12*i + 345. Let u be c(-10). Calculate the highest common factor of 25 and u.
25
Let h(j) = 2*j**3 - 7*j**2 - 3*j + 16. Let i be h(5). Suppose -3*r - 31*b = -36*b - 352, 332 = 3*r + 5*b. Calculate the highest common factor of r and i.
38
Let n(t) = t**3 - 22*t**2 + 7